ns digit of u/(-52)*(-4)/6?
7
Let l = -152 + 164. Let d(j) = 2*j**2 - 16*j + 31. Let a(p) = -2*p**2 + 17*p - 31. Let q(t) = -3*a(t) - 2*d(t). What is the tens digit of q(l)?
9
Suppose 3*p - 5*f - 16 + 5 = 0, 0 = 3*f + 12. Let v be (18/p)/(129/(-135) - -1). Let y = 9 - v. What is the units digit of y?
4
Suppose 4*g = 4*v + 2492, 1260 = -0*g + 2*g + 5*v. Let z = -269 + g. What is the units digit of z?
6
Suppose -34147 - 53610 = -3*u - 27808. What is the thousands digit of u?
9
Suppose 2*p - 268 = -3*o, -24*o + 21*o + 5*p + 254 = 0. Suppose 10920 = -o*f + 101*f. What is the tens digit of f?
4
Suppose -k + p = -1442, k + p - 332 = 1120. What is the tens digit of k?
4
Let t = 63 + -143. Let k = 76 + t. Let d(w) = -33*w + 34. What is the tens digit of d(k)?
6
Suppose -40*u - 33288 = -186659 - 114229. What is the tens digit of u?
9
Let u = 48 + -88. Let a be (-4)/(u/(-145))*-10. Suppose -a - 1901 = -11*p. What is the hundreds digit of p?
1
What is the thousands digit of (513184/30 - 22/165) + 3?
7
Let b(f) = 20*f**2 + f + 5. Let g be b(0). Let s(m) = 2*m**3 + 3*m**2 + 9*m + 3. What is the hundreds digit of s(g)?
3
What is the units digit of -2 + (-873228)/(-14) - ((-15224)/(-308) + -50)?
2
Let r = 46 - 43. Suppose -8 = 3*z + 5*d, 4*d - 5 = r. What is the units digit of (((-63)/z)/(-3))/((-8)/80)?
5
Suppose -j - 52*p + 8447 = -49*p, -p - 42219 = -5*j. What is the hundreds digit of j?
4
Suppose 3*u = 9 + 6. Suppose 3*d - 28 + 9 = -u*l, 0 = -5*d - 4*l + 23. Suppose d*p - 23 = -v + 11, 0 = 2*p - 2. What is the units digit of v?
1
Suppose -i + 78 = -3*n - 117, 0 = i - 5*n - 205. Let c = -161 + i. What is the tens digit of c?
1
Suppose 3*r = 11242 + 10046 + 1992. What is the hundreds digit of r?
7
Suppose 1152200 = 33*t + 113030. What is the hundreds digit of t?
4
Let l be (-2)/(-4) + (-10932)/24. What is the tens digit of (-88)/(-6)*(l/(-10) - 5)?
9
Let j = -13926 - -21201. What is the thousands digit of j?
7
Let q = -412 + -17. Let u = -248 - q. What is the units digit of u?
1
Suppose 0 = -4*r - 538 + 174. Let y = 93 + r. Suppose -2*f - y*f - j = -1047, 3*f - 787 = j. What is the hundreds digit of f?
2
Suppose 0*s - 2*k - 86 = -s, 0 = 2*k. Let z be (-4 - 349/(-3)) + 100/(-75). Let c = z - s. What is the units digit of c?
5
Let g = -86 - -115. Suppose 243 = 10*v - 37. Suppose g*c = v*c + 158. What is the hundreds digit of c?
1
Let c(x) = -267*x + 8. Let z = -29 + 28. What is the units digit of c(z)?
5
Let l be 1*((-96)/28)/(-6)*7. What is the units digit of 14*l/(-24)*-267?
3
Let f be ((-6)/(-9))/((-2)/(-6)). Let p(b) = -b - 19. Let l be p(-21). Suppose -l*v - 428 = -0*z - 3*z, -f*z + v = -287. What is the tens digit of z?
4
Let s(y) = -9*y - 29. Let q be s(-5). Suppose 11*x - q*x + 190 = 0. What is the units digit of x?
8
Suppose 125*a - 224190 = -4*n + 115*a, 3*n = 3*a + 168090. What is the hundreds digit of n?
0
Suppose b = 2*c + 412, -16*c + 19*c = 5*b - 618. Let x = -152 - c. What is the units digit of x?
4
Let l be (-2)/9 + (-41350)/225. Let j = l - -257. What is the tens digit of j?
7
Suppose -4*o = -z - 2707, -z - 520 = 4*o - 3221. Suppose -20*v = o - 26616. What is the units digit of v?
7
Let g(r) = -2*r**3 + 28*r**2 + 2. Let x be g(14). Suppose 3*d + 0*d + 4454 = 4*k, d = -x. What is the hundreds digit of k?
1
Suppose -8*n - v + 177 = -3*n, -2*n = 3*v - 76. Let x = n + -31. Suppose a + 2*c + 44 - 156 = 0, x*c + 518 = 5*a. What is the units digit of a?
6
Suppose -t + 6*t = 45. Suppose -t*s - 19 = -10*s. Suppose 17*j - s*j = -88. What is the units digit of j?
4
Suppose -25*n = -30*n + 70. Suppose 0*b = -2*b + n. Let r = b - -6. What is the units digit of r?
3
Let j(i) = 8*i**2 - 41*i - 4. Let t be j(10). Suppose -t = -76*l + 74*l. Let u = -54 + l. What is the hundreds digit of u?
1
Suppose -18*g = -226 - 26. What is the tens digit of (-11190)/(-14) - 4/g?
9
Let t(d) be the second derivative of 7*d**4/12 - d**3/6 - 2*d**2 + 14*d. Suppose -3*v + 0 = 9. What is the tens digit of t(v)?
6
Suppose -144*d - 40*d + 1054136 = 0. What is the units digit of d?
9
Let o = -923 + 3672. Let w = -1278 + o. What is the thousands digit of w?
1
What is the tens digit of (11 - (-525)/(-42))*5336/(-3)?
6
Let b(v) = -3*v**2 - 2*v + 7. Let q(g) = -g**2 + 3*g + 5. Let r be q(4). Let d(w) = w**2 + w - 1. Let m(j) = r*b(j) + 4*d(j). What is the tens digit of m(-8)?
5
Let a(p) = -31*p - 60. Let m(t) = -32*t - 61. Let o(q) = -4*a(q) + 5*m(q). What is the tens digit of o(-4)?
7
Let d = -128 + 103. What is the tens digit of 10/d - (-5106)/15?
4
Let y(k) be the first derivative of -5*k**2/2 + 21*k + 1. Let a(u) = 12*u**2 - 99*u + 12. Let w be a(8). What is the tens digit of y(w)?
8
What is the hundreds digit of (-567861)/(-42) - (-12)/8?
5
Suppose -f - 386 + 392 = 0. Let h(p) = 5*p**2 - 4*p - 8 + 11 - 5*p + f. What is the units digit of h(8)?
7
Suppose 220*p + 72*p - 5024736 = 0. What is the thousands digit of p?
7
Suppose 4 = -p, -2*h + 4*p = -5*h + 5690. Let z = h + -1350. What is the hundreds digit of z?
5
Let p(t) = -9*t + 13. Let f(w) = 27*w - 40. Let b(j) = 3*f(j) + 8*p(j). Let g be b(8). Let r = -25 + g. What is the units digit of r?
1
Suppose 16971 = 17*g - 92798. What is the units digit of g?
7
Let f(q) = 6*q**3 + 6*q + 4. Let i be f(6). Suppose 211 + i = 7*t. What is the hundreds digit of t?
2
Suppose 3*w + 165 = -8*w. Let s(g) = -46*g + 10. What is the tens digit of s(w)?
0
Let y be (9/(-90)*-85)/(2/(-8)). What is the units digit of 294*(-6 - y)/7?
6
Let b(h) = -2292*h**3 - 2*h**2 - 25*h - 45. What is the units digit of b(-2)?
3
Suppose -58*s + 10 = -53*s. Suppose -6 = -4*l - s. What is the units digit of 42 + (l - (-3 - -3))?
3
What is the tens digit of (57/9)/((-69)/(-212589))?
1
Suppose 8*g = -18*g + 26330 + 479318. What is the thousands digit of g?
9
Let u(v) = -6*v - 2147 + 4*v + v - 3*v**2 + v**3 + 2143 + 2*v**2. Let d(i) = i**2 + 4*i - 2. Let h be d(-5). What is the units digit of u(h)?
1
Let j = 32166 + -27140. What is the units digit of j?
6
Let g(y) = 4*y**3 + 11*y**2 - 11*y - 81. What is the ten thousands digit of g(13)?
1
Let a be ((-1836)/(-72))/((-3)/(-4)). Let i = -32 + a. What is the tens digit of 9/6*i + -4 + 38?
3
Let v = 619 - 609. Suppose 0 = v*m - 913 - 7547. What is the hundreds digit of m?
8
Let j(r) = 166*r + 164. Let w(z) = 83*z + 82. Let a(f) = 3*j(f) - 5*w(f). What is the units digit of a(13)?
1
Let d = -188 - -190. Suppose 3*i - 3140 = 5*v, d*v + 1048 = -6*i + 7*i. What is the units digit of i?
0
Let s(r) = r**2 - r + 1. Let d(y) = -6*y**2 + 14*y + 9. Let j(t) = -d(t) + 6*s(t). What is the units digit of j(5)?
7
Let f be (-2)/(-6) + -1 - (-52)/6. What is the units digit of f*(3*(-10)/15)/(-4)?
4
Let u = 228 + -231. What is the units digit of (24/(-60))/(u/2685)?
8
Let d be (2 + 18/(-12))*8. Let m(p) = -p**2 + 8*p - 4. Let j be m(5). Suppose -d*w + 563 = 5*z, 0 = -z + 7*w - j*w + 119. What is the hundreds digit of z?
1
Let f = 63 + 1. Suppose -619 = -5*u - f. Let s = u + -52. What is the tens digit of s?
5
Let y(f) be the third derivative of -10*f**4/3 - f**3 + 2*f**2 + f. What is the tens digit of y(-1)?
7
Suppose 22*s - 107506 = 8*s. Suppose 29*m - s = 14680. What is the units digit of m?
1
Let u = -16392 - -36048. What is the tens digit of u?
5
Suppose -4*k + 159 = -97. Let n be (-7 - 3 - -4) + -16. Let d = k + n. What is the tens digit of d?
4
Let w(c) = -c**2 + 64*c + 919. What is the tens digit of w(60)?
5
Let i = -43 + 34. Let u(j) = -j**2 - 13*j - 13. Let v be u(i). Suppose -v = -2*f + 59. What is the tens digit of f?
4
Suppose -88*d + 152058 + 4176651 - 1005037 = 0. What is the units digit of d?
9
Let g = 41 - 36. Let h be g + 3*4/(-6). Suppose 100 = b + h*b. What is the tens digit of b?
2
Suppose -3*z = 2*x - 0 - 1, -4 = 4*z. Suppose -x*s - 3*o - 18 = -3*s, o = -5. What is the tens digit of (-2)/(-7) + ((-29505)/(-49))/s?
0
Let x(w) = w**2 + 3*w - 12. Let o(s) = 2*s - 9. Let a be (1 + 1)*(-77)/(-22). Let p be o(a). What is the units digit of x(p)?
8
What is the ten thousands digit of 32/(-1232)*14 + 388788/11?
3
Suppose -3*v + 253 = 238. Suppose -v*t + 5*m = -1895, 5*t - 4*t - 2*m - 376 = 0. What is the tens digit of t?
8
Suppose 8*h + 326 - 1606 = 0. What is the units digit of h - ((-72)/(-2))/(-6)?
6
Let a(p) = 10*p**2 + 24